 = c**2 + 2*c + 2. What is the remainder when u(-3) is divided by (-3)/(-24)*-2 - 68/(-16)?
1
Let g = 383 + -345. Calculate the remainder when 225 is divided by g.
35
Let b(a) = 15*a - 89. Calculate the remainder when b(10) is divided by 18.
7
Suppose 0 = 6*g - 11*g. Suppose g = -w + 6 + 13. Calculate the remainder when w is divided by 7.
5
Let f(i) = i**2 + 4*i - 4. Let y be f(-4). What is the remainder when 56 is divided by ((-51)/y - 2) + 18/72?
1
Let b(d) = 164*d + 2. Let i be b(-1). Let p = 237 + i. Calculate the remainder when p is divided by 25 + (-1)/1 + 2.
23
Let w(j) = -j**3 + 9*j**2 - 5*j + 84. Let r = -50 + 71. Calculate the remainder when w(9) is divided by r.
18
Let i = -182 + 234. What is the remainder when i is divided by 28?
24
Let g(w) = -3*w - 7. Let t = 22 - 28. Let y be g(t). Calculate the remainder when 32 is divided by y - -3 - (-9)/(-3).
10
Let r = -4 + 6. Let j = r + 13. Let n = -291 - -320. What is the remainder when n is divided by j?
14
Calculate the remainder when -5 + 496 - (-8 + 4) is divided by 62.
61
Let q(u) = 24*u**2 - 20*u - 107. Calculate the remainder when q(-6) is divided by 147.
142
Suppose 5*v - 5 = 6*q - 5*q, 5*q - 2*v + 2 = 0. Let p be -22 - (0 + q/(-4)). Calculate the remainder when 30 is divided by p*1*(-1)/2.
8
Let x(s) = s**3 + 6*s**2 - 2*s - 3. Let c be x(-6). Let i be ((-3)/6)/((-1)/(-4)). Let d = c - i. What is the remainder when 20 is divided by d?
9
Suppose 3*l = 6*l + 9. Calculate the remainder when 84 is divided by (-954)/(-54) - (-2)/l.
16
Let v be 1/(1*1/(-5)). Let i = v + 17. Suppose 20*t - 31*t = -385. Calculate the remainder when t is divided by i.
11
Suppose -2*i - 14*l + 18*l + 4 = 0, 5*i = 3*l + 17. What is the remainder when 16 is divided by i?
0
Let h(c) = -c**3 + 12*c**2 - 11*c - 5. Suppose -5*s - 2*r + 43 = 0, 3*r = 2*s - 21 - 0. What is the remainder when h(s) is divided by 35?
34
Let p be ((9/3)/(-3) + -3)/(-2). What is the remainder when (4/3 - p)/((-10)/960) is divided by (2 - 3)/(2/(-68))?
30
Let j be (38 - (-16)/4)*2/3. Suppose 21*r = 19*r + j. Calculate the remainder when 109 is divided by r.
11
Let f = -9 + 10. Let c be (f - 6)/(2 - 3). Suppose c*r = -4*b + 264, 4*r - r - 160 = -4*b. What is the remainder when r is divided by 18?
16
Let f(w) be the third derivative of -w**6/120 + 13*w**5/60 + 5*w**4/8 + 3*w**3 + 2*w**2. What is the remainder when f(13) is divided by 43?
41
Suppose -18 = 4*r - 58. Let p be (1 + 6/(-9))*99. Suppose -4*n + d + p = -31, 3*n = -3*d + 63. What is the remainder when n is divided by r?
7
Suppose 0 = -4*n + 2*n + 56. Let y = 3 - 5. Calculate the remainder when n is divided by 12*1 - y/(-1).
8
Let r(f) = 5*f + 300. Calculate the remainder when r(-44) is divided by 28.
24
Suppose 4*x = -x - w + 186, -x = 3*w - 26. What is the remainder when 68 is divided by x?
30
Let p(o) = 40*o**2 - 7*o - 6. Calculate the remainder when p(-1) is divided by 21.
20
Let q = -234 - -269. Calculate the remainder when 66 is divided by q.
31
Let x = 5 + -14. Let k(i) = i**3 + 9*i**2 + 7*i + 4. Let n be k(-8). Calculate the remainder when (100/n)/((-1)/x) is divided by 19.
18
Let c = 59 + -42. Let v = -29 + 33. Suppose 2 = -3*i - v*p + 5, -3*i + p = -18. Calculate the remainder when c is divided by i.
2
Let a = 2 - -11. Suppose -2*v - 2*l = -2, 4*v - 2*v - l + 7 = 0. Calculate the remainder when 36 is divided by v/((-4)/a)*2.
10
Let h be (-24)/(-16)*4/3. Let s be h*(-3)/(-4)*2. Suppose -s*i + 5 = 2. Calculate the remainder when 3 is divided by i.
0
Suppose -185*l + 9048 = -179*l. Calculate the remainder when l is divided by 42.
38
Suppose 4*k - 120 = -32. Let r(v) = -v**2 + 7*v + 2. Suppose 5*y = 13 + 17. Calculate the remainder when k is divided by r(y).
6
What is the remainder when 177 is divided by 15/(-3) + 160/(64/8)?
12
Let l = 1230 + -1172. Calculate the remainder when 208 is divided by l.
34
Calculate the remainder when (9 + 6008/(-28))/((-1)/7) is divided by 16.
15
Let k be ((-48)/(-1))/4 - -2. Suppose -23 = k*w - 15*w. Calculate the remainder when 68 is divided by w.
22
Suppose 8 + 24 = q. Suppose 5*r = -5*n + 40, 3*n - 5 = 2*n + 2*r. Suppose q = t + n. Calculate the remainder when 48 is divided by t.
23
Let k(v) = 10*v**3 + 1 - 5 + 61*v**2 - 60*v**2 + v + 6*v**3. What is the remainder when k(2) is divided by 12?
10
Calculate the remainder when (-2 - 10/(-2))/((-6)/(-356)) is divided by 18.
16
Let z be -9*2*(-3 - 7/(-2)). Let o = 40 - 18. Calculate the remainder when (-1 + 30)/(-1 - 2)*z is divided by o.
21
Suppose 0*d - d + h + 44 = 0, 4*h = 0. Calculate the remainder when 204 is divided by d.
28
Suppose 2*t - 5*w + 10*w - 150 = 0, -4*t + 252 = -2*w. Calculate the remainder when 256 is divided by t.
61
Let s(d) = -d - 14. Let k be s(-16). Suppose -k*x + 3*y = -448, 2*y - 436 = -2*x - y. What is the remainder when x is divided by 32?
29
Let p = 2169 + -2152. Suppose -3*k + o - 1 = -23, o = -5*k + 26. Calculate the remainder when p is divided by k.
5
Let z = 2 - -525. Calculate the remainder when z is divided by 24.
23
Suppose 17 = -4*i + 657. What is the remainder when i is divided by 62?
36
Let i be 1/2*(-68)/(-2). Let n = i - 4. What is the remainder when (-19)/(n/(-3) - -4) is divided by 20?
17
Let f be (-2 - -3) + 1 + -1. Let m(b) = 12*b**3 - b**2 + b - 1. What is the remainder when 6/2 + (-4 - -43) is divided by m(f)?
9
Calculate the remainder when 384 is divided by -5 + 189/39 - 11724/(-156).
9
Suppose 0 = -14*b + 1133 + 1765. What is the remainder when b is divided by 33?
9
Let c be (-9)/(-2)*(-2)/(-3). Suppose 97 = c*o - 2*o. Let z = -44 + 69. Calculate the remainder when o is divided by z.
22
Let p = 210 + -198. Calculate the remainder when p is divided by ((-2)/(-4))/(4/24).
0
Suppose 616 = -6*a + 28*a. Calculate the remainder when 83 is divided by a.
27
Let n(l) = -l**3 + l**2 - l + 18. Let b be n(0). Let q = -450 - -455. Let o = b - q. Calculate the remainder when 24 is divided by o.
11
Let q(m) = -2*m**2 + 3*m - 17. Let h be q(7). Let i = -67 - h. Calculate the remainder when 106 is divided by i.
25
Suppose 0 = -10*k + 25 + 35. Let u(y) = y**2 + 2*y - 6. What is the remainder when u(-9) is divided by k?
3
What is the remainder when 121 is divided by 2 - (-3)/(-2) - 2318/(-76)?
28
Let t = -67 + 92. Calculate the remainder when 63 is divided by t.
13
Let o = -3759 + 3765. Suppose -2*v + 5*a - 1 = 4, 2*a + 40 = 5*v. What is the remainder when v is divided by o?
4
What is the remainder when (-9 - 1) + 1729/7 is divided by 15?
12
Suppose 3*s - 5*k = -1, k = 2*k - 2. What is the remainder when (s - -6)/(2/4) is divided by (10/(-4) - 0)*-2?
3
Let a = 36 - 11. Suppose -2*l = -3*l + 7. Calculate the remainder when a is divided by l.
4
Let y(z) = -z**3 - 15*z**2 - 13*z + 17. Let i be y(-14). Suppose 5*b - 211 = -2*v, 1 = -i*v - 5. Calculate the remainder when b is divided by -2*(-3 + (-51)/6).
20
Let o(u) = -u**2 - 30*u - 90. Let r = 503 - 323. Suppose -4*t + 92 = 2*v + 30, -5*v - 5*t + r = 0. What is the remainder when v is divided by o(-26)?
13
Let k(p) = 5*p**2 + p - 2. Let a be k(1). Suppose -3*w = -2*w - a. What is the remainder when 50 is divided by w?
2
Let a(f) = 2*f**2 + 11*f + 5. What is the remainder when 312 is divided by a(-8)?
42
Suppose -2*p = c - 36, 3*c + 0 = -6. Let o = -3 - -8. Calculate the remainder when p is divided by o.
4
Suppose 8*m + 12 = 11*m. Suppose -m*j + 5*y + 56 = 0, -j + 4*y = 3*j - 56. What is the remainder when 68 is divided by j?
12
Let h = 14 + -10. Suppose -13 - 12 = 5*z, -2*z = -h*x + 174. Let i = -557 + 571. What is the remainder when x is divided by i?
13
Let p = 27 - 54. Let j = -32 - p. Calculate the remainder when 31 is divided by (-18)/(j + (3 - 0)).
4
Suppose 0 = 5*d - 6 - 9. Suppose 0 = -144*m + 148*m. Suppose m = -2*p - d + 79. Calculate the remainder when p is divided by 13.
12
Calculate the remainder when (-168645)/(-60) - 15/20 is divided by 37.
35
Suppose c + 15 = 2*q, -3*q - c = -13 + 3. Suppose 314 = q*x - 3*u, -87 = -2*x - 4*u + 23. What is the remainder when x is divided by 31?
30
Let k = 28 + -23. Suppose 4*i - 236 = -i + q, -k*q - 52 = -i. Calculate the remainder when i is divided by 12.
11
Suppose 7 = -5*y + 22. Suppose 0 = 3*d + d + 16. Let z(q) = -q**2 - 6*q - 6. What is the remainder when y is